*j**2 + j**3 - 66*j**2. Let f = -23 + 5. List the prime factors of r(f).
2
Let h(o) = 4692*o - 9. What are the prime factors of h(3)?
3, 521
Suppose 5*r + 3*k - 89173 = 0, 123*r = 127*r + 11*k - 71304. List the prime factors of r.
17837
Let a(r) = -254*r**2 - 2 - r**3 + 10*r - 5 + 262*r**2. Let x be a(9). Suppose x*t = 12*t - 310. List the prime factors of t.
31
Let l(h) = h**3 - 15*h**2 - 14*h - 15. Let x be l(16). Suppose 3*q + x = 4*i, -3*i + 2*q + 21 = -3*q. Let n(s) = 29*s - 3. List the prime factors of n(i).
5, 11
Suppose 4*j - 4*c = 5260, -c + 2612 = 2*j + 3*c. Let a(r) = 47*r - 3. Let f be a(1). List the prime factors of j/f - 6/(-33).
2, 3, 5
Let z = -4803 + 2037. List the prime factors of 3*(7 - z/18).
2, 241
Let g(q) = -4*q**3 - 16*q**2 + 74*q + 780. What are the prime factors of g(-12)?
2, 3, 5
Let n be 5520/(-56)*-14*(-1)/(-2). Let w = n + -6. What are the prime factors of w?
2, 3, 19
Let b = -112 - -175. Suppose 3*i - b = 249. List the prime factors of i.
2, 13
Let w be ((-33)/(-4))/(4/48). Let u = -3 + -77. Let y = u + w. What are the prime factors of y?
19
Suppose 19*p + 17*p = 61*p - 479025. List the prime factors of p.
3, 2129
Suppose -x + 3 + 1 = 0. Let l(h) = 60*h - 43. What are the prime factors of l(x)?
197
Let u(l) = 855*l - 9. Let a(h) = 4*h - 1. Let n(j) = 6*a(j) + u(j). List the prime factors of n(1).
2, 3
Let a = 2890 - 2975. Let h = -142 - -4. Let r = a - h. List the prime factors of r.
53
Let z = -12652 - -14934. List the prime factors of z.
2, 7, 163
Let c(t) = -39*t + 9. Let a be c(2). Let p = -75 - a. What are the prime factors of (-5368)/(-48) - 1/p?
2, 7
What are the prime factors of 6*6294/36*(0 - -10 - -3)?
13, 1049
Let f(q) = -33*q**3 - 3*q**2 + 11*q + 46. What are the prime factors of f(-11)?
3, 5, 13, 223
Let o(d) be the second derivative of 70*d**3/3 - 209*d**2/2 - 2*d - 111. List the prime factors of o(13).
3, 179
Suppose 0 = 7*n - 11*n + 32. Suppose q + 81 = -n*q. List the prime factors of (3/q + 3)*12.
2
Let r be (8/(-10))/((-4)/(-10)). Let v(z) = -50*z**3 - 9*z + 7. Let n(h) = -25*h**3 - 4*h + 2. Let p(d) = 5*n(d) - 2*v(d). List the prime factors of p(r).
2, 5
Let x(i) = -15*i + 13. Suppose 9 - 1 = 4*f - 2*c, 0 = -5*f + 3*c + 12. List the prime factors of x(f).
13
Suppose -3*y = 14 - 29. Let r be (4 - (4 - y))*3. Suppose u = 71 - r. List the prime factors of u.
2, 7
Let q(f) = 507*f + 218. List the prime factors of q(4).
2, 1123
Suppose -19 - 6 = -5*z + 5*o, 0 = -z + 3*o + 7. Suppose -3*h = -z*q + 1360, -17 = 5*h + 3. Suppose 8*u - q - 1015 = 0. List the prime factors of u.
13
Let f(h) = 40*h + 151. Let p be f(18). Let w = -195 + p. What are the prime factors of w?
2, 13
Suppose 571473 = 44*f - 773827. List the prime factors of f.
5, 1223
Let x(q) = -q**3 + q**2 + 3*q - 1. Let g be x(-2). Suppose 6*y - g*y = -200. Let s = -116 - y. List the prime factors of s.
2, 3, 7
Let h be 5/45*-3 - (-8)/6. Suppose 2*j - m - h = 0, 0 = j + 5*m + 7 - 35. Suppose 4*y - j*z = 387, 66 = 2*y + 3*z - 141. What are the prime factors of y?
3, 11
Let k = 177 - 78. Let b = -122 + 75. Let p = k + b. List the prime factors of p.
2, 13
Suppose -50 = 40*g - 50*g. List the prime factors of (-1 + g + 0)*(76 - -46).
2, 61
Let c = -330 + 332. What are the prime factors of 3036/23 + (4 - (2 - c))?
2, 17
Let h(g) = -3*g**2 + 54*g + 4. Let v be h(18). Suppose -5*j + 5955 = m + v*m, -4766 = -4*m - 2*j. What are the prime factors of m?
2, 149
Suppose 14*x - 34203 - 60297 = 0. What are the prime factors of x?
2, 3, 5
Suppose -2*l - 13 + 19 = 0. Suppose l*g + x - 204 = 0, 0 = g - 2*x - 3*x - 52. Let b = 87 + g. What are the prime factors of b?
2, 7, 11
Let r be 21 + 16/(12/(-3)). Let v = 11 + r. Let a = 94 - v. What are the prime factors of a?
2, 3, 11
Suppose 0 = -5*w + w + 5*q - 29, 5*w + 2*q - 5 = 0. What are the prime factors of 71*1*w*(37 + -40)?
3, 71
Let f be 441/105 + 1/(-5). Let w = 72 + f. Suppose w + 323 = 3*i. List the prime factors of i.
7, 19
Let w = 433 + -431. Suppose -w*b + 1568 = 4*o, -5*b + o + 0*o = -3909. List the prime factors of b.
2, 17, 23
Suppose -11*r = 105 + 1622. Let h = r + 1483. List the prime factors of h.
2, 3, 13, 17
Let o = 24 - 16. Let m = -6 + o. Suppose 6*a = -m*a + 744. What are the prime factors of a?
3, 31
What are the prime factors of -1*20/(-12) + 168740/6 + -3?
2, 3, 43, 109
Suppose 0 = f + 3, -3*y + 57 = -2*y - f. Let m = -54 + y. Suppose r + 2*r - 153 = m. List the prime factors of r.
3, 17
Suppose -2*d + 15483 = 11*d. Suppose 0 = -3*n - y + d, 0 = -5*n - 5*y + 483 + 1512. What are the prime factors of n?
2, 3, 11
Suppose -2*f = 16, -10*b = -8*b + 2*f - 137450. What are the prime factors of b?
3, 7, 1091
Let v(c) = c - c**3 - 2*c**2 + 2 + 0 - 1 - 3*c. Let k be v(-2). Suppose 0 = -4*m - 5*u + 210, -k*m + 2*u = -3*m - 114. What are the prime factors of m?
5, 11
List the prime factors of (-5 - 1 - -22950) + (-120)/30.
2, 5, 31, 37
Suppose 19*s = 16*s - 2*p + 17597, 5*p = -10. What are the prime factors of s?
5867
Suppose 0*b - 2*b + 50016 = -2*w, 100034 = 4*b - 3*w. List the prime factors of b.
2, 5, 41, 61
Suppose 5*a + 46 = 3*u, -4*u - 2*a + 118 = u. Suppose 0 = -u*y + 17*y. Suppose -11*m - 627 + 1859 = y. What are the prime factors of m?
2, 7
Let g = -1 - 1025. Let z = 1601 + g. What are the prime factors of z?
5, 23
Suppose -4*z + 2*o + 60 = 0, -31*o + 29*o + 36 = 2*z. What are the prime factors of (z/12)/((-10)/(-2175))?
2, 5, 29
Suppose 23 = -42*a + 1325. Suppose -25571 - 25982 = -a*r. List the prime factors of r.
1663
Suppose 16*b - 4*l = 17*b - 12954, 0 = -2*l + 8. What are the prime factors of b?
2, 6469
Suppose 0 = -f + 6 + 10. Suppose -4*q = -f*v + 21*v - 39, 5*v + 3*q - 38 = 0. What are the prime factors of v?
7
Suppose -40*w - 2166 = -34*w. Let x = 245 - w. What are the prime factors of x?
2, 3, 101
Suppose 0 = -8*g + 21*g - 232050. Suppose -13*c + g = 4*c. List the prime factors of c.
2, 3, 5, 7
Let w = 219 - 195. List the prime factors of (80/w)/(4/12).
2, 5
Suppose -36 + 45 = w. Let m be 14/((6/(-18))/(3/w)). Let o = m + 136. List the prime factors of o.
2, 61
Let n = 19 + -17. Suppose n*f - 3 = f. What are the prime factors of (-230)/(-18) - f*(-10)/135?
13
Suppose 5*s - 2*z = 33, 2*z - 6*z - 24 = -4*s. Let h(n) = -18*n - 16*n + 2*n**2 + 28*n - 22. What are the prime factors of h(s)?
2, 17
Let j be 816/56 + (-3)/(-7). Suppose 3*u - 6*u = -j. Suppose u*r + 183 - 708 = 0. What are the prime factors of r?
3, 5, 7
Suppose 19295 = 3*l - 10*j + 8*j, l - 5*j = 6449. What are the prime factors of l?
3, 2143
What are the prime factors of (1 + 2)*(322900 + 12)/32?
3, 10091
Let r be (2/6)/(((-6)/9)/(-2)). Suppose l = 1 + r. List the prime factors of 145*(3*-1)/(l - 7).
3, 29
Let c(u) = -u + 30 + 0*u + 3*u - 8*u. Let g be c(-19). Suppose 3*y + g = 3*f, 2*y = -0*y - 8. What are the prime factors of f?
2, 11
Suppose 0 = -29*k + 62 + 25. Suppose k*x - j = -3*j + 5223, 5*x + 2*j = 8701. What are the prime factors of x?
37, 47
Let p(i) = 11958*i + 772. List the prime factors of p(2).
2, 1543
Suppose 8*y - 7146 = -10*y. Let a = y - 4. List the prime factors of a.
3, 131
What are the prime factors of -92262*(-4)/72 - 4/6?
5, 41
Let q(l) = 25*l**2 - 75*l - 499. What are the prime factors of q(-25)?
3, 1889
Let k = -64 + 60. Let t be 4/(k + 426/105). What are the prime factors of (-1544)/(-10) - 28/t?
2, 7, 11
Let b(d) = 17*d**3 + 6*d**2 + 13*d - 8. Let t(u) = u**3 - 7*u**2 - 2*u + 18. Let k be t(7). List the prime factors of b(k).
2, 307
Let q(c) be the second derivative of -2*c + 2 + c**4 - 1/3*c**3 + 1/2*c**2. List the prime factors of q(5).
3, 97
Let j = -31 - -41. Let f = j - 7. Suppose 0 = -8*h + 3*h - f*i + 317, -4*h = 4*i - 260. List the prime factors of h.
61
Suppose 78 = -r - 55. Let l = -2075 + 2318. Let z = l + r. List the prime factors of z.
2, 5, 11
Suppose 0 = 3*z + 2615 - 31106. What are the prime factors of z?
9497
Let o(a) = 12*a - 8. Let y be o(2). Suppose -28*v + y*v = -5604. List the prime factors of v.
467
Let p be ((-3444)/210)/(2/(-20)). Let w = 738 + p. List the prime factors of w.
2, 11, 41
Let p = 1606 + -205. Let z = p + -669. What are the prime factors of z?
2, 3, 61
Let p = 3219 + 7048. What are the prime factors of p?
10267
Let l(g) = -g**2 - 5*g + 10. Let h be l(